 d(z) be the first derivative of -3*z**4/8 - 5*z**3/6 - z**2/2 + 5. Let q(i) be the second derivative of d(i). What is the tens digit of q(-3)?
2
Suppose 0 = 2*a - 13*a + 22. Suppose -2*j = -4*k, a*k = -3*j - 2*k + 30. What is the units digit of j?
6
Suppose -5*x = 25, 24*t - 5*x = 21*t + 8380. What is the units digit of t?
5
Suppose 5*d - 4*q = 0, 12 = -d - 3*q - 7. What is the tens digit of (-324)/(-12) + 4/2 + d?
2
Let z(x) = 23*x**3 - 1. Let n be z(1). Let j be n/(-4)*(-9 - -5). Suppose 2*r - 72 = -j. What is the units digit of r?
5
Suppose 35*o - 38*o = -12. Let r = 0 + -84. What is the units digit of r/(-7)*o/3?
6
Suppose -5*p - 17 = y + 18, 0 = -3*y. Let q(k) = -k**2 + 8*k - 12. Let t(a) = -4*a**2 + 24*a - 36. Let b(r) = p*q(r) + 2*t(r). What is the units digit of b(-9)?
3
Let l be (-2)/(-6) + 6/(-18). Let s be l/(-5)*1/(-3). Suppose -5*p = -x + 26, 2*x + 2*p - 4 - 48 = s. What is the units digit of x?
6
Suppose -6 = 3*y, 4*u + u - 4*y = 23. Suppose -2*z + 148 = 2*q + u*z, -3*q + 4*z + 245 = 0. What is the tens digit of q?
7
Let t(r) = -r - 4. Let n be t(-6). Suppose n*j + 14 = 4*v, 3*j + 1 = v + v. Suppose 5*k + 4*y - 190 = 0, -k = -j*y - 2*y - 9. What is the tens digit of k?
3
Let o = 124 - 109. What is the units digit of (-6)/o*(0 - (-2 - -387))?
4
Let c = -855 + 1281. What is the hundreds digit of c?
4
Let y = -27 - -23. Let l be -1*(y - (141 + -1)). Suppose 4*k - l = 5*m, k - 5*m = -k + 82. What is the tens digit of k?
3
Let w(q) = -q + 4. Let u be w(-1). Let l(t) = -t**3 + 12*t**2 - 2*t + 4. What is the units digit of l(u)?
9
Let n(a) be the first derivative of 53*a**2 + a**3 - 53*a**2 + 3 - a. What is the units digit of n(-2)?
1
Let q = -23 + 27. Suppose -q*b + 116 = -4*k, -5*k = -10*k + 4*b - 142. What is the units digit of (2 - 0)*(-455)/k?
5
Let a = 7 + 3. Suppose -a*p + 6*p = 76. Let m = p - -43. What is the tens digit of m?
2
Suppose -47*f = -37*f - 40210. What is the hundreds digit of f?
0
Let p(n) = -n**3 + n**2 + 4*n - 2. Let r be p(2). Suppose 0 = g + 2*o - 1 + 6, -r*g + 10 = -o. What is the units digit of g?
3
Let f(j) be the second derivative of -j**3/6 + 7*j**2/2 - j. Let h be f(7). Suppose d - 129 = -5*k - 0*d, -3*k - d + 77 = h. What is the units digit of k?
6
Let d(k) = -4*k**2 - 5 - k + 6*k + 5*k**2. Let h = 87 - 95. What is the units digit of d(h)?
9
Suppose 6524 = 4*q - 4*y, -6*y = -5*q - 2*y + 8151. What is the tens digit of q?
2
Let s(x) = -x**3 - 4*x**2 - 30*x - 3. What is the tens digit of s(-12)?
0
Let v be 0 - 15*(3 - 4). Suppose 5*b = 2*b + v. Suppose b*z = -15, -3*z - 261 = -g - 3*g. What is the tens digit of g?
6
Suppose -8*z + 19844 = -12124. What is the units digit of z?
6
Let g be -1 + (-3 - 0) - (-613 + 3). Suppose u - 4*v - 162 = -9*v, v + g = 4*u. What is the hundreds digit of u?
1
What is the tens digit of (-1 - -4)/(45/10770)?
1
Suppose 24*g = 40*g - 3584. What is the hundreds digit of g?
2
Suppose 4*i - 2946 - 1957 = -z, -3*z + 4909 = 4*i. Suppose -965 - i = -10*s. What is the tens digit of s?
1
Let p(q) = -39*q + 532. What is the tens digit of p(10)?
4
Let x(w) = 308*w**2 + 41*w - 118. What is the hundreds digit of x(3)?
7
Suppose 7*a - 4900 = -7*a. What is the tens digit of a?
5
Let p(k) = -k**3 + 26*k**2 + 26*k + 54. What is the units digit of p(27)?
7
Let u(p) = -6*p**3 + 9*p + 5. Let r be u(-3). Suppose r - 23 = z. What is the hundreds digit of z?
1
Let d(p) = -3*p**3 + p**2 + 2*p + 1. Suppose -2*t = 2*t - 8. Let s be d(t). Let o = s - -18. What is the units digit of o?
3
Suppose 0 = 3*m - m - 12. Suppose -m*j + 693 = 3*j. What is the units digit of j?
7
Let a(u) = -u**3 - 3*u**2 - u. Let x be a(-3). Suppose -x*d = -4*d + 42. What is the tens digit of d?
4
Suppose -6*c - 7*c = -3198. What is the hundreds digit of c?
2
Let r(i) = i**3 - 4*i**2 + 8*i - 5. Let z be r(5). Let a = z + 37. What is the units digit of a?
7
Suppose 0 = 5*k - 2*l - 10579, 0*k + 4*l - 8480 = -4*k. What is the thousands digit of k?
2
Suppose 51*d + 3053 = a + 48*d, 0 = 2*a - 3*d - 6091. What is the tens digit of a?
3
Suppose -y = -0*y. Suppose 2*w + 18 = -3*o, -o - 2*w - 5 - 1 = y. Let h = o + 10. What is the units digit of h?
4
What is the hundreds digit of -7 - (1 - 3) - -501?
4
Let u(d) = d**3 - 4*d**2 - 2*d - 4. Let g(z) = z**3 + 4*z**2 + 2*z + 3. Let y be g(-3). What is the tens digit of u(y)?
5
Let w = 2888 + -1735. What is the thousands digit of w?
1
What is the hundreds digit of 4/(-10) - 5336/40*-1?
1
Let n(z) = 4*z + 5. Let y(k) = -4*k - 5. Suppose -2*j = 3*j + 15. Let a(l) = j*y(l) - 4*n(l). What is the tens digit of a(-5)?
1
Let c(b) = 40*b - 455. What is the units digit of c(16)?
5
Let z(c) = -c**3 + 13*c**2 - 12*c + 14. Let q be z(12). Let g be 1043/q + (-2)/(-4). Suppose -5*o + g = -25. What is the units digit of o?
0
Suppose 3*a + 60 = -5*c - 2*a, 5*c + 50 = -3*a. Let s(w) = -w**3 + w**2 + 17*w + 23. What is the units digit of s(c)?
6
Suppose 5*j - 4*b + 53 = 15, -j + b = 8. Let d be j/(4/(-8)*3). Suppose 2*s - d*s + 24 = 0. What is the tens digit of s?
1
Let w = -99 + 20. Let c = 154 + w. What is the units digit of c?
5
Let q = 31 - -811. What is the units digit of q?
2
What is the thousands digit of (0 - 1)/((-14)/56686)?
4
Let n = 2437 + -1323. What is the thousands digit of n?
1
Let b(t) = 46*t**2 + t + 2. Let p(v) = -139*v**2 - 3*v - 5. Let m(s) = -11*b(s) - 4*p(s). What is the tens digit of m(1)?
4
Let a be 128/(140/(-48) - -3). Suppose 0*k = -4*k + a. Suppose 12*s - k = 6*s. What is the tens digit of s?
6
Suppose -7*m + 27289 = 6184. What is the units digit of m?
5
Let k(j) be the third derivative of -7*j**4/24 + j**3/2 + 3*j**2. Let n(r) = -22*r + 10. Let c(x) = 10*k(x) - 3*n(x). What is the tens digit of c(-4)?
1
Suppose 9*d - 2*d = -3318. What is the hundreds digit of 4 - (3 - d)/(-3)?
1
Let a = 51 - 66. What is the units digit of (-2 - (-48)/20) + (-549)/a?
7
Let m = -27 + 15. Let a(p) be the third derivative of -p**6/120 - 11*p**5/60 + 13*p**4/24 + 5*p**3/2 + 2*p**2. What is the units digit of a(m)?
3
Let f(r) = -r**2 - 3*r - 2. Let x be f(-1). Suppose x*m + 65 = m. What is the units digit of m?
5
Let a be (-21)/(-4) + 3/(-12). Let q = -303 - -306. Suppose q*p + 2*t + 22 = 6*p, p - a*t = 3. What is the units digit of p?
8
Let l(n) = n + 14. Let m = 34 + -19. What is the units digit of l(m)?
9
Suppose 2*d - 5 = d. Suppose -3*o + 139 = 4*m, -d*m + 3*o + 68 = -72. What is the units digit of m?
1
Suppose 4*n - 80 - 148 = 0. Let i = 99 - n. What is the tens digit of i?
4
Suppose 0 = 3*n - 5*r - 20 - 102, -5*n + 2*r + 216 = 0. Let v = n - 23. What is the units digit of (v/35)/(2/50)?
5
Let r(o) = -o**2 - 4*o - 1. Let s be r(-3). Let x be 3 - (s + (5 - -3)). What is the units digit of (7/x)/(2/(-8))?
4
Let g be 2/7 - (-657)/(-21). Let r be 177/3 + 0 - 2. Let m = r + g. What is the units digit of m?
6
What is the hundreds digit of (1273 - 5) + 2 - -8?
2
Let u = -19 + 22. Let p = u - 10. What is the tens digit of (-18)/63 + (-163)/p?
2
Suppose 20 + 7 = j. Suppose -7*i = -2*i - 15, -f - j = -3*i. What is the units digit of (-435)/f + (-1)/6?
4
Let i = 8 - 4. Suppose 0 = -3*z - 0*z, -i*z + 336 = 4*t. What is the units digit of (t/9)/((-2)/(-6))?
8
What is the tens digit of 630/(-350) + 22039/5?
0
Suppose -5*m + 3675 = 10*m. Suppose -4*y + 495 + m = 0. What is the units digit of y?
5
Let x(t) = 117*t + 65. What is the hundreds digit of x(6)?
7
Let b = 12 - 103. Let k = b - -114. What is the units digit of k?
3
Let b be 4 - (8/(-4) - 2). Suppose -2*d - 2*d = 4*l, -b = -l + d. What is the units digit of l?
4
Let p = 3 - -14. Let s = p - 17. Suppose -3*g + 4*g - 4 = s. What is the units digit of g?
4
Let u(v) = 4*v**3 + 2*v. Let s be u(3). Let p = -76 + 143. Let n = s - p. What is the tens digit of n?
4
Let o = -43 + 36. Let x(u) be the second derivative of -2*u**3/3 + 9*u**2/2 + u. What is the tens digit of x(o)?
3
Suppose -17*h + 3*g = -15*h - 107, 4*h - 213 = 5*g. Let r be 6/(-21) - 2/(-7). Let f = r + h. What is the tens digit of f?
5
Let g = 41 - 29. Let b be (11/3)/(2/g). Suppose -2*t + 5*x + 8 = -36, 0 = t - 3*x - b. What is the tens digit of t?
2
Suppose 4*f + 0 = 2*x - 84, 3*f + 3*x = -54. Let c = f + 103. Suppose 5*k - c = 102. What is the units digit of k?
7
Let v = 6 - 10. What is the uni